culate j(b).
1
Let i(g) be the third derivative of g**5/30 - g**4/8 - 5*g**2. What is i(2)?
2
Let a = 12 + -13. Let m(u) = -4*u**2 - u - 1. Calculate m(a).
-4
Let s(v) = v**2 - 2 - 3*v**2 + v**2 + 8*v. Let k be s(8). Let f(b) = b**2 + 2*b. Determine f(k).
0
Let b(g) = g**3 + 2 - 4*g - 6 + 0*g**2 - 2*g - 3*g**2. Calculate b(5).
16
Let p(t) = t + 1. Let c(o) = -7*o - 3. Let f(j) = -c(j) - 4*p(j). What is f(3)?
8
Let f(j) = -j**2 + 1. Let y(w) = -6*w**2 + w - 6. Let x(l) = -5*f(l) + y(l). Determine x(0).
-11
Let j(p) = -9*p - 5. Let c(h) = -13*h - 7. Let i(u) = -5*c(u) + 7*j(u). Give i(4).
8
Let k(r) be the second derivative of r**4/12 - r**3 - r**2 + 22*r. Determine k(6).
-2
Let p(w) = w**2 + 7*w + 3. Let l(x) = 4*x + 2. Let f(b) = -5*l(b) + 3*p(b). Let a be f(1). Let u(g) = 2*g**2 - 3*g. Calculate u(a).
9
Let z(a) = -3*a + 2. Let u(y) = y**2 - y - 4. Let x be u(3). Calculate z(x).
-4
Let g(q) = -q + 2. Let z be 4/(-1 - (-3 + 0)). Give g(z).
0
Let v(b) = 5*b**2 + 2*b**2 - 3*b**2 - 7*b - 5*b**2. Give v(-5).
10
Let r = 115 - 109. Let o(f) = -2*f + 4. Give o(r).
-8
Suppose 3 + 1 = d. Suppose 0 = d*l - 9*l. Let j(t) = t + 7*t**2 - 1 - 2*t**2 + 3*t + t**3 + l*t**3. Give j(-3).
5
Let r(i) be the first derivative of -i**2/2 - i - 6. Let l(x) = 3*x - 3. Let w(s) = -l(s) - 4*r(s). Let t(f) = f + 2. Let g be t(-7). Determine w(g).
2
Let t = 181 - 179. Let j(y) = -y**2 - y - 1. Determine j(t).
-7
Suppose 3*a + 13 = -2. Let j = 0 + a. Let w(m) = -m**3 - 6*m**2 - 6*m - 1. What is w(j)?
4
Let l(v) = v**3 + 5*v**2 - v - 4. Let y = -84 - -79. Calculate l(y).
1
Let o(i) = -2*i**3 - i**2 + 1. Suppose 16*q = 4*q + 12. Give o(q).
-2
Let d(h) be the first derivative of 3/2*h**2 - 4/3*h**3 - 1/4*h**4 - 2 - 2*h. Let g be (-94)/18 + (-12)/(-54). Determine d(g).
8
Let c(h) be the second derivative of -1/6*h**4 + 0*h**2 + 0 - 1/6*h**3 + 2*h. Suppose -3*j - 2*q + 5 = 0, -j + 1 = -3*j + 3*q. Calculate c(j).
-3
Let u = 1 + -5. Let v be u/(-6) + 6/(-9). Let q(o) = 3*o - 2*o + v*o + o**2. Calculate q(-2).
2
Let d be (1 + -1)/(-1) + (-4)/(-2). Let r(p) = 2*p**2 + 3*p - 2. Determine r(d).
12
Let k(t) = -2*t**3 - 9*t**2 - 2*t + 4. Let b(w) = w**3 + 8*w**2 + 2*w - 5. Let m(n) = 3*b(n) + 2*k(n). Let a be m(6). Let r(s) = -s**2 + 4*s - 2. Give r(a).
-7
Let q = -17 - -11. Let y(w) = -w**2 - 8*w - 9. Let c be y(q). Let r(j) = j**3 - 2*j**2 - 4*j + 4. What is r(c)?
1
Let u(w) = -2 + 2*w - 6*w - 2*w - 2. What is u(-3)?
14
Suppose 4*f = -f + 30. Suppose 6 = -3*c - f. Let h = -8 - c. Let j(m) = -m - 4. What is j(h)?
0
Let y(p) = p**2 + p. Suppose -b - x + 3 = 0, -15 = -b - 4*b - 2*x. Suppose -3*t = 3*r - 3, -2*r - b*r + 2*t = 23. What is y(r)?
6
Let m(u) = 4*u**2 - 1. Let d(i) be the third derivative of i**4/24 + i**3/2 + 4*i**2. Let z be d(-4). What is m(z)?
3
Let f(c) = 7*c - 2 + 2 + 0 + 1. Determine f(-1).
-6
Suppose -2*g + 25*g = 138. Let h(k) = -2*k - 6. Let r(x) = x. Let f(a) = -h(a) - 3*r(a). Give f(g).
0
Let l(s) = 6*s**2 - 8*s + 1. Let d(a) = a**2 - a. Let q(h) = -5*d(h) + l(h). Determine q(5).
11
Let y(h) = 2*h**2 + 2*h. Let s be -4*(-5)/(-90) - (-34)/(-9). Calculate y(s).
24
Let q(b) = b**3 + 2*b**2 - b. Let d(m) = -3*m**3 - 7*m**2 + 3*m. Let n(o) = 3*d(o) + 8*q(o). Calculate n(-5).
-5
Let v(n) = -n**2 - n. Let f(l) = -4*l**2 - 11*l - 4. Let y(j) = f(j) - 2*v(j). Calculate y(-6).
-22
Suppose -19 = -3*r + 11. Suppose -4*s + 9*s - 2*j = -r, -4*j + 6 = -3*s. Let v(b) = 3*b + 3. What is v(s)?
-3
Suppose 2*k - 2 = 3*s, 3*s + 4 = 4*k - 0. Let w(b) = 9*b**2. Give w(k).
9
Let u be (-2 - (-4)/(-2)) + 0. Let m(j) = 2*j - 3. Determine m(u).
-11
Suppose p = -4*p. Suppose -4*o + 0 - 8 = p. Let m(i) = -2*i - 3*i**2 - i + 0*i**2. What is m(o)?
-6
Let w(t) = t**2 + 3*t - 2. Suppose -2*l + 0*n - 2*n = 8, 0 = 5*l - 5*n + 30. Let p be 0 + -3 + (l - -3). Calculate w(p).
8
Let b(w) = -3*w - 1. Suppose 0 = -5*u + 3*f - 7, 3*u - 22 = u - 5*f. What is b(u)?
-4
Let r(u) = 9*u**3 - 5*u**2 + 5*u + 5. Let z(t) = -10*t**3 + 6*t**2 - 6*t - 6. Let i(c) = -7*r(c) - 6*z(c). Determine i(-1).
2
Let f be 5 + 0/3 + 0. Suppose 3*g - 3 = 2*g + 4*y, -3*y - 15 = -f*g. Let k(a) = -3*a + 2*a + g*a**2 - a**3 - 2 + 0*a. Give k(3).
-5
Let g(z) = 4*z - 2. Let s(r) = r - 1. Suppose -10 - 6 = 4*t, 2*m + 3*t = -10. Let h(i) = m*s(i) - g(i). Let j(d) = d**2 + 4*d - 4. Let x be j(-5). What is h(x)?
-2
Let t(k) be the second derivative of k**3/6 - 2*k. Give t(3).
3
Let c(u) = u - 4. Let g(i) be the second derivative of -3*i**5/20 - i**3/3 - i**2/2 + 5*i. Let b be g(-1). Give c(b).
0
Let s(r) = -2*r + 2. Let o(p) = 7*p - 5. Let j be 4/12 + (-8)/(-3). Let l(h) = j*o(h) + 8*s(h). Determine l(-3).
-14
Let g(h) = 4. Let o(q) = 3*q - 2*q - 4*q + 4*q. Let c(t) = -g(t) - o(t). Give c(-4).
0
Let v(p) be the third derivative of -p**5/60 + 3*p**4/8 - 2*p**3/3 + 32*p**2. Give v(9).
-4
Let l(f) = 3*f - 1. Let n = -6 - -4. Let h = n - -4. Suppose -5*x = -3*v + 1, 5*x + h + 1 = 4*v. Determine l(x).
2
Let m(o) = -2*o - 3. Suppose -13*f - 35 = -6*f. What is m(f)?
7
Let z(a) = -a**2 + 8*a - 2. Let s(q) = -q + 11. Let t be s(5). Let f be (-60)/(-8) + (-3)/t. Determine z(f).
5
Let z(b) = b + 1. Let u be z(0). Let g be 7*u - (12 + -9). Let n(p) = -4*p + 6. Calculate n(g).
-10
Let x(u) = u + 2. Let o(w) = -w**3 + 5*w**2 + 9*w - 3. Let k be o(6). Let s = k - 15. Determine x(s).
2
Let n(g) be the second derivative of g**5/4 + g**4/6 + g**3/6 + 3*g. Calculate n(-1).
-4
Let n = 20 + -16. Let j(u) = -5*u**3 - 7*u**2 + 8*u - 1. Let q(c) = 11*c**3 + 15*c**2 - 17*c + 3. Let z(v) = n*q(v) + 9*j(v). What is z(-4)?
3
Suppose 0 = 12*x + 18 + 30. Let b(g) = -7*g**2 + 2*g - 12. Let o(p) = -15*p**2 + 5*p - 25. Let y(i) = -13*b(i) + 6*o(i). Calculate y(x).
6
Let z(s) = -s + 1. Let b(j) = -5*j + 11. Let d(v) = b(v) - 4*z(v). Suppose -n = 4*x - 19, n - 76 = -3*n - 5*x. Suppose -4*y = -n + 7. Calculate d(y).
4
Let y = -20 + 28. Let s(k) = k**2 - 7*k - 2. Let t be s(y). Let x(z) = 3*z + 2*z - 6 - t*z. Calculate x(-4).
-2
Suppose 0 = -5*u + t - 35, -3*t - 1 + 4 = 2*u. Let a = -9 - u. Let n be ((-24)/(-9) + a)*-3. Let p(r) = -13*r + 1. Calculate p(n).
-12
Let p(z) = -2*z + 17. Let c be p(7). Let i(b) = b**c - 2 + 0 - 4*b + 6*b**2 - 2*b**3. Determine i(4).
14
Let x(j) = j + 1. Let g(o) = -o**2 - o - 3. Let s(u) = 2*g(u) + 6*x(u). Suppose 9 + 7 = 4*b + a, 8 = 2*a. Give s(b).
-6
Let c(t) be the third derivative of t**5/60 - t**4/4 - 19*t**2. Calculate c(5).
-5
Let h(s) = -2*s**3 + 5*s**2 + 4*s - 1. Let n(d) = 3*d**3 - 6*d**2 - 5*d + 1. Let j(c) = -5*h(c) - 4*n(c). What is j(-2)?
13
Let h(g) = g**3 - 5*g**2 + 3*g + 2. Let u be 7*2/14*6. Suppose -u*l + 8 = -4*l. Determine h(l).
-2
Suppose -i - 1 = 0, 5*c - 3*i + 12 = 35. Let p be (c/10)/((-1)/10). Let z(t) = t**3 + 5*t**2 + 4*t - 1. Determine z(p).
-1
Let u(c) be the third derivative of c**4/24 - c**3/3 + 8*c**2. Determine u(8).
6
Let o(k) = -k**2 - 8. Let g = -11 - -10. Let j be (g + 0)*-1*0. Give o(j).
-8
Let k(w) = -w - 3 + 4 - 7. Calculate k(0).
-6
Let w(k) = 44*k - 18*k - k**2 - 16*k. What is w(10)?
0
Suppose 5 = p - 1. Let r(b) = 3*b - 3. Let u(m) = -4*m + 3. Let n(t) = -3*r(t) - 2*u(t). Let i(q) = -1. Let h(s) = p*i(s) + n(s). Give h(3).
-6
Let a(u) = -u. Let q be (36/10)/(-3)*-5. Let t(z) = -z**3 + 7*z**2 - 8*z + 6. Let k be t(q). Let v = -3 - k. Calculate a(v).
-3
Let j(z) = -7*z + 1. Suppose -2*h = 4*i - 22, 5*h + 4*i - 39 = -2. Suppose -2*x = -h*x. Suppose 0 = -x*v - 3*v + 3. Calculate j(v).
-6
Let o = 12 + -1. Suppose 2*k - 3*r = -6*r - 6, 2*k - 4*r + 20 = 0. Let g = o + k. Let b(f) = -f - 1. What is b(g)?
-6
Let q(v) = v + 4. Let g(z) = -7*z**3 - z**2 + z + 1. Let w be g(1). Determine q(w).
-2
Suppose -9*n - 8 + 17 = 0. Let z(q) = -q + 1. Give z(n).
0
Let i = 5 + -8. Let f(d) be the third derivative of -d**5/12 - d**4/12 + d**3/6 + d**2. Let t(s) = -6*s**2 - s + 2. Let g(u) = 4*f(u) - 3*t(u). Give g(i).
-5
Let g(i) = 12*i - 10*i - 3*i - 2 + 1. Calculate g(-7).
6
Let y(p) be the third derivative of 1/12*p**4 + 0 + 0*p + 5*p**2 - 1/6*p**3. Calculate y(5).
9
Suppose -2*s = -0*s - 8. Suppose 5*x + s = 6*x. Let m(r) = 2*r**2 - 8*r + 1. Let c(j) = j**2 - 4*j. Let f(t) = -5*c(t) + 3*m(t). Give f(x).
3
Let c(o) be the first derivative of 2*o**3 - o**2/2 - 1. Suppose 5*j = 2*j - 2*q + 3, -5*q = 4*j - 4. What is c(j)?
